{"id":603,"date":"2023-08-13T08:35:15","date_gmt":"2023-08-13T06:35:15","guid":{"rendered":"https:\/\/www.kiv-tecklenburg.de\/wordpress\/?page_id=603"},"modified":"2023-12-26T20:26:50","modified_gmt":"2023-12-26T19:26:50","slug":"bienenweidenberater","status":"publish","type":"page","link":"https:\/\/www.kiv-tecklenburg.de\/wordpress\/bienenweidenberater\/","title":{"rendered":"Bienenweidenberater"},"content":{"rendered":"\n<p>Bienenweidenfachberater besch\u00e4ftigen sich mit der Verbesserung der Nahrungsgrundlage f\u00fcr alle bl\u00fctenbesuchenden Insekten sowie mit dem Verlust der Artenvielfalt und den vielf\u00e4ltigen Ursachen daf\u00fcr.<\/p>\n\n\n\n<div class=\"wp-block-media-text alignwide is-stacked-on-mobile\" style=\"grid-template-columns:20% auto\"><figure class=\"wp-block-media-text__media\"><img loading=\"lazy\" decoding=\"async\" width=\"132\" height=\"180\" src=\"https:\/\/www.kiv-tecklenburg.de\/wordpress\/wp-content\/uploads\/2023\/08\/Beatrix-Pliet.gif\" alt=\"\" class=\"wp-image-525 size-full\"\/><\/figure><div class=\"wp-block-media-text__content\">\n<p><strong>Kreisobfrau f\u00fcr Bienenweide, Natur- und Umweltschutz<\/strong><\/p>\n\n\n\n<p><strong>Bienenweidenfachberaterin des Landesverbandes<\/strong><\/p>\n\n\n\n<p><strong>Beatrix Pliet<\/strong><\/p>\n\n\n\n<p>Anschrift:<br>An der Umfluth 138<br>49479 Ibbenb\u00fcren<\/p>\n\n\n\n<p>E-Mail: bpliet(at)t-online(dot)de<br>Telefon: 05451-96119<\/p>\n\n\n\n<p><\/p>\n<\/div><\/div>\n\n\n\n<div class=\"wp-block-media-text is-stacked-on-mobile\" style=\"grid-template-columns:22% auto\"><figure class=\"wp-block-media-text__media\"><img loading=\"lazy\" decoding=\"async\" width=\"550\" height=\"717\" src=\"https:\/\/www.kiv-tecklenburg.de\/wordpress\/wp-content\/uploads\/2023\/12\/Tanja-Borgert-1.jpg\" alt=\"\" class=\"wp-image-928 size-full\" srcset=\"https:\/\/www.kiv-tecklenburg.de\/wordpress\/wp-content\/uploads\/2023\/12\/Tanja-Borgert-1.jpg 550w, https:\/\/www.kiv-tecklenburg.de\/wordpress\/wp-content\/uploads\/2023\/12\/Tanja-Borgert-1-230x300.jpg 230w\" sizes=\"auto, (max-width: 550px) 100vw, 550px\" \/><\/figure><div class=\"wp-block-media-text__content\">\n<p><\/p>\n\n\n\n<p>Tanja Borgert \/ Bienenweidenfachberaterin des Landesverbandes <\/p>\n\n\n\n<p>An der Bahn 40<\/p>\n\n\n\n<p>49479 Ibbenb\u00fcren<\/p>\n\n\n\n<p>05451 999451 und 0177 1598662, TanjaBorgert(at)gmx(dot)de<\/p>\n<\/div><\/div>\n","protected":false},"excerpt":{"rendered":"<p>Bienenweidenfachberater besch\u00e4ftigen sich mit der Verbesserung der Nahrungsgrundlage f\u00fcr alle bl\u00fctenbesuchenden Insekten sowie mit dem Verlust der Artenvielfalt und den vielf\u00e4ltigen Ursachen daf\u00fcr. Kreisobfrau f\u00fcr Bienenweide, Natur- und Umweltschutz Bienenweidenfachberaterin des Landesverbandes Beatrix Pliet Anschrift:An der Umfluth 13849479 Ibbenb\u00fcren E-Mail: bpliet(at)t-online(dot)deTelefon: 05451-96119 Tanja Borgert \/ Bienenweidenfachberaterin des Landesverbandes An der Bahn 40 49479 Ibbenb\u00fcren 05451 999451 und 0177 1598662, TanjaBorgert(at)gmx(dot)de<\/p>\n","protected":false},"author":4,"featured_media":0,"parent":0,"menu_order":0,"comment_status":"closed","ping_status":"closed","template":"","meta":{"footnotes":""},"class_list":["post-603","page","type-page","status-publish","hentry"],"_links":{"self":[{"href":"https:\/\/www.kiv-tecklenburg.de\/wordpress\/wp-json\/wp\/v2\/pages\/603","targetHints":{"allow":["GET"]}}],"collection":[{"href":"https:\/\/www.kiv-tecklenburg.de\/wordpress\/wp-json\/wp\/v2\/pages"}],"about":[{"href":"https:\/\/www.kiv-tecklenburg.de\/wordpress\/wp-json\/wp\/v2\/types\/page"}],"author":[{"embeddable":true,"href":"https:\/\/www.kiv-tecklenburg.de\/wordpress\/wp-json\/wp\/v2\/users\/4"}],"replies":[{"embeddable":true,"href":"https:\/\/www.kiv-tecklenburg.de\/wordpress\/wp-json\/wp\/v2\/comments?post=603"}],"version-history":[{"count":7,"href":"https:\/\/www.kiv-tecklenburg.de\/wordpress\/wp-json\/wp\/v2\/pages\/603\/revisions"}],"predecessor-version":[{"id":935,"href":"https:\/\/www.kiv-tecklenburg.de\/wordpress\/wp-json\/wp\/v2\/pages\/603\/revisions\/935"}],"wp:attachment":[{"href":"https:\/\/www.kiv-tecklenburg.de\/wordpress\/wp-json\/wp\/v2\/media?parent=603"}],"curies":[{"name":"wp","href":"https:\/\/api.w.org\/{rel}","templated":true}]}}