{"id":545,"date":"2023-08-12T12:12:24","date_gmt":"2023-08-12T10:12:24","guid":{"rendered":"https:\/\/www.kiv-tecklenburg.de\/wordpress\/?page_id=545"},"modified":"2023-09-19T15:21:04","modified_gmt":"2023-09-19T13:21:04","slug":"schulungsimker","status":"publish","type":"page","link":"https:\/\/www.kiv-tecklenburg.de\/wordpress\/schulungsimker\/","title":{"rendered":"Schulungsreferenten"},"content":{"rendered":"\n<p>Schulungsreferenten f\u00fchren im Landesverband, den Kreisimkervereinen und Imkervereinen u.a. Schulungen, Lehrg\u00e4nge und Vortr\u00e4ge in Praxis und Theorie durch und wirken an der Erarbeitung von Schulungsinhalten und (Fort)-entwicklung von Schulungskonzepten mit.<\/p>\n\n\n\n<p>Folgende Imker sind Schulungsimker des Landesverbandes Westf\u00e4lischer und Lippischer Imker:<\/p>\n\n\n\n<p><\/p>\n\n\n\n<div class=\"wp-block-media-text alignwide is-stacked-on-mobile\" style=\"grid-template-columns:17% auto\"><figure class=\"wp-block-media-text__media\"><img loading=\"lazy\" decoding=\"async\" width=\"197\" height=\"300\" src=\"https:\/\/www.kiv-tecklenburg.de\/wordpress\/wp-content\/uploads\/2023\/09\/Robert-Laufer-2.gif\" alt=\"\" class=\"wp-image-754 size-full\"\/><\/figure><div class=\"wp-block-media-text__content\">\n<p><strong>Kreisschulungsobmann,<\/strong> <strong>Schulungsreferent im Landesverband Westf\u00e4lischer und Lippischer Imker<\/strong><\/p>\n\n\n\n<p>Robert Laufer<\/p>\n\n\n\n<p>Anschrift:<br>Lintvenn 22<br>48346 Ostbevern-Brock<br>Telefon: 02532-957104<br>E-Mail: grewe-laufer(at)t-online(dot)de<\/p>\n\n\n\n<p><\/p>\n\n\n\n<p><\/p>\n<\/div><\/div>\n\n\n\n<div class=\"wp-block-media-text alignwide is-stacked-on-mobile is-vertically-aligned-center\" style=\"grid-template-columns:17% auto\"><figure class=\"wp-block-media-text__media\"><img loading=\"lazy\" decoding=\"async\" width=\"132\" height=\"180\" src=\"https:\/\/www.kiv-tecklenburg.de\/wordpress\/wp-content\/uploads\/2023\/08\/Beatrix-Pliet.gif\" alt=\"\" class=\"wp-image-525 size-full\"\/><\/figure><div class=\"wp-block-media-text__content\">\n<p><strong>Schulungsreferentin im Landesverband Westf\u00e4lischer und Lippischer Imker<\/strong><\/p>\n\n\n\n<p>Beatrix Pliet<\/p>\n\n\n\n<p>Anschrift:<br>An der Umfluth 138<br>49479 Ibbenb\u00fcren<\/p>\n\n\n\n<p>E-Mail: bpliet(at)t-online(dot)de<br>Telefon: 05451-96119<\/p>\n<\/div><\/div>\n\n\n\n<div class=\"wp-block-media-text is-stacked-on-mobile\" style=\"grid-template-columns:17% auto\"><figure class=\"wp-block-media-text__media\"><img loading=\"lazy\" decoding=\"async\" width=\"221\" height=\"300\" src=\"https:\/\/www.kiv-tecklenburg.de\/wordpress\/wp-content\/uploads\/2023\/09\/Ralf-Watermann.gif\" alt=\"\" class=\"wp-image-697 size-full\"\/><\/figure><div class=\"wp-block-media-text__content\">\n<p><strong>Ralf Watermann \/ Schulungsreferent im Landesverband Westf\u00e4lischer und Lippischer Imker<\/strong><\/p>\n\n\n\n<p>Geranienweg3<\/p>\n\n\n\n<p>49477 Ibbenb\u00fcren<\/p>\n\n\n\n<p>Telefon: 05951-4994826<\/p>\n\n\n\n<p>E-Mail: Ralf_Luikenga(at)web(dot)de<\/p>\n<\/div><\/div>\n","protected":false},"excerpt":{"rendered":"<p>Schulungsreferenten f\u00fchren im Landesverband, den Kreisimkervereinen und Imkervereinen u.a. Schulungen, Lehrg\u00e4nge und Vortr\u00e4ge in Praxis und Theorie durch und wirken an der Erarbeitung von Schulungsinhalten und (Fort)-entwicklung von Schulungskonzepten mit. Folgende Imker sind Schulungsimker des Landesverbandes Westf\u00e4lischer und Lippischer Imker: Kreisschulungsobmann, Schulungsreferent im Landesverband Westf\u00e4lischer und Lippischer Imker Robert Laufer Anschrift:Lintvenn 2248346 Ostbevern-BrockTelefon: 02532-957104E-Mail: grewe-laufer(at)t-online(dot)de Schulungsreferentin im Landesverband Westf\u00e4lischer und&#8230; <a href=\"https:\/\/www.kiv-tecklenburg.de\/wordpress\/schulungsimker\/\">Read more &raquo;<\/a><\/p>\n","protected":false},"author":4,"featured_media":0,"parent":0,"menu_order":0,"comment_status":"closed","ping_status":"closed","template":"","meta":{"footnotes":""},"class_list":["post-545","page","type-page","status-publish","hentry"],"_links":{"self":[{"href":"https:\/\/www.kiv-tecklenburg.de\/wordpress\/wp-json\/wp\/v2\/pages\/545","targetHints":{"allow":["GET"]}}],"collection":[{"href":"https:\/\/www.kiv-tecklenburg.de\/wordpress\/wp-json\/wp\/v2\/pages"}],"about":[{"href":"https:\/\/www.kiv-tecklenburg.de\/wordpress\/wp-json\/wp\/v2\/types\/page"}],"author":[{"embeddable":true,"href":"https:\/\/www.kiv-tecklenburg.de\/wordpress\/wp-json\/wp\/v2\/users\/4"}],"replies":[{"embeddable":true,"href":"https:\/\/www.kiv-tecklenburg.de\/wordpress\/wp-json\/wp\/v2\/comments?post=545"}],"version-history":[{"count":12,"href":"https:\/\/www.kiv-tecklenburg.de\/wordpress\/wp-json\/wp\/v2\/pages\/545\/revisions"}],"predecessor-version":[{"id":775,"href":"https:\/\/www.kiv-tecklenburg.de\/wordpress\/wp-json\/wp\/v2\/pages\/545\/revisions\/775"}],"wp:attachment":[{"href":"https:\/\/www.kiv-tecklenburg.de\/wordpress\/wp-json\/wp\/v2\/media?parent=545"}],"curies":[{"name":"wp","href":"https:\/\/api.w.org\/{rel}","templated":true}]}}